 y(d).
9
Let a be -1*187/(-9) - 332/(-1494). Let i(x) = 6*x - 124. Let y be i(a). Let w(d) = 3*d. What is w(y)?
6
Let m(x) = -4*x**2 + 5*x**2 - 19 - 15*x + 13 + 6*x**2 - x**3 + 4. Give m(7).
-107
Let z(i) = i**2 + i**3 - 17*i**2 - 42003*i + 41986*i + 2. What is z(17)?
2
Let q(c) = 3*c**2 + 60*c + 315. Let g be q(-5). Suppose -40*d - g = -10*d. Let r(z) = -z + 1. Let b(o) = o**2 - 2*o. Let j(n) = b(n) - 4*r(n). What is j(d)?
-1
Let n(q) = 3 - q - 4 - 2*q - 6 + q. Calculate n(-9).
11
Let n(o) = -7*o + 13. Let i(x) = -4*x + 6. Let g be ((-6)/(-8))/(11/(-44)). Let t be -5 + 5 + (-1 - g) + 1. Let b(q) = t*n(q) - 5*i(q). Calculate b(6).
3
Let d(b) be the third derivative of b**5/20 + 5*b**4/2 - b**3/2 - 1760*b**2. Determine d(-20).
-3
Let m(l) be the first derivative of -1/2*l**2 - 10*l**3 - l - 34. Give m(-1).
-30
Suppose -4*z + 6*z = -i + 28, 3*i - 3*z - 48 = 0. Let x(r) = 12*r**2 + 16*r**2 + i*r**2 + r**3 - 59*r**2 - 7. What is x(11)?
-7
Let t(k) = 3*k + 2. Let l = 245 - 231. Suppose -15 = a - 5*h, 2*a + 16 = l*h - 11*h. Determine t(a).
-13
Let i(t) = 1. Let l(z) = z + 2. Let q(j) = 21*i(j) - 3*l(j). Determine q(7).
-6
Let r(a) = -4 + a - 9*a - 2*a + 16*a - 5*a. Let o = 17 + -15. Suppose 4*l + 8 = -5*v + v, o*l - 2*v - 12 = 0. What is r(l)?
-2
Let u(j) = -3*j - 4. Suppose 0 = 4*r - 22 + 6. Suppose r + 2 = -2*d, a + 9 = -4*d. Determine u(a).
-13
Let z(v) = -2*v - 30*v**2 - v + 44*v**2 - 16*v**2 + 4 + 2. What is z(1)?
1
Let p be (24/(-9))/(76/(-114)) + -16. Let a(d) = -d**3 - 13*d**2 - 10*d - 2. Determine a(p).
-26
Let q(y) = -6*y + 7. Let i(a) = a + 1. Let r = -9 - -5. Let p(t) = r*i(t) - q(t). Let g = -21514 + 21523. Give p(g).
7
Let h be (-2)/4 + (-13)/(-2). Let u(s) be the second derivative of 1/12*s**4 + 3*s**2 + 2*s + 6 - 4/3*s**3. Determine u(h).
-6
Let r(a) = a**3 - 6*a**2 + 3*a. Suppose m - 84 = 2*q - 0*q, -q = 5*m + 64. Let h = -39 - q. Determine r(h).
-10
Let j(l) = -7*l**3 - l**2 - l - 1. Let y(u) = -3*u + 17. Let o(i) = -2*i - 36. Let q be o(-21). Let b be y(q). Determine j(b).
6
Let p be (-1)/2*(-39)/((-1287)/(-110)). Let y(q) be the first derivative of p*q**3 - 2*q**2 - 26 - 1/4*q**4 + 3*q. Determine y(3).
9
Let u be (7/((-77)/44))/(-1 + 0). Let x(o) = 4*o - 10 + 3*o + 3*o - u*o - o. Determine x(5).
15
Let p = 6 + -4. Let w(c) be the second derivative of c**6/360 + c**4/12 - 2*c**3/3 - c - 23. Let y(m) be the third derivative of w(m). What is y(p)?
4
Suppose 2*y - 2*b - 10 = -0*b, -3*b - 15 = y. Let u(q) = -q - 9. Give u(y).
-9
Let l be (-15)/(-60) + 386/(-8) + 0. Let c = -104 - -149. Let i = l + c. Let r(v) = -v**3 - 4*v**2 + 2*v + 4. What is r(i)?
-11
Let w(y) = -y**2 - 11*y - 8. Suppose 7*g + 3*x + 594 = 2*g, -472 = 4*g + 4*x. Let q be (g/42*1)/((-4)/(-14)). Determine w(q).
2
Let t(x) = 8*x + 3. Let v(o) = 3*o + 1. Let d(c) = -6*t(c) + 17*v(c). Suppose -5*w + 5 = -5. Suppose 4 = z + w. Calculate d(z).
5
Let t(c) = 37*c - 5. Let k(j) = -7*j + 1. Let n(o) = -11*k(o) - 2*t(o). Suppose -2*r - r = -p + 2, 3*p = -r + 16. Give n(r).
2
Suppose 34 = 5*d - 4*f, 3*d + 7*f - 10*f - 18 = 0. Suppose 0 = -19*o + 124 - d. Let m(t) = 93 - 93 - o*t. What is m(2)?
-12
Let u(b) = -b + 11. Let n(r) be the first derivative of r**3/3 + 6*r**2 + 21*r + 76. Let t be n(-11). Determine u(t).
1
Let i be 1218/(-42) + 42 + -15. Let t(l) = -4 - l**2 - 1 - 4*l + 2*l**2. Determine t(i).
7
Let h(f) = f**2 + 16*f + 63. Let j be ((-5)/(-3) + -1)/((-602)/4515). Give h(j).
8
Let y(m) = 17*m**2 - 2*m - 1. Let s(z) = 4*z**2 + 39*z + 101. Let h be s(-5). Let a = -14 + -2. Let j be a/(-24)*(-9)/h. Give y(j).
18
Suppose -35 - 91 = -38*r - 4*r. Let b(q) = -3*q**3 - 5*q**2 - 8*q + 5. Let i(w) = -2*w**3 - 3*w**2 - 4*w + 3. Let m(v) = -3*b(v) + 5*i(v). Give m(r).
-15
Let o(g) = -41*g + 6 + 17*g + 19*g - g. Give o(0).
6
Let l(u) = u**3 - 5*u**2 - 8*u + 9. Let v(d) = -43*d + 424. Let y be v(-11). Let q = y + -891. Give l(q).
-3
Let p(o) = o**3 - 4*o**2 + 5*o - 2. Let u be -5*(-8 - -5 - -2). Suppose 26 = 2*b - 7*z + 2*z, b + z = -1. Suppose w = i - 2*i, -u*w = -b*i + 32. Give p(i).
18
Let w(u) be the first derivative of 1/4*u**4 - u + 3/2*u**2 - 1/3*u**3 - 3. Let a(q) = -18*q + 110. Let g be a(6). Determine w(g).
9
Let d(p) = 3*p + 23. Let q be (-26)/(-10)*-5 - -7. Give d(q).
5
Let h(d) = -24*d + 82. Let u(b) = 60*b - 210. Let y(k) = -26*h(k) - 10*u(k). What is y(1)?
-8
Let d(g) = -g**2 - 10*g + 3*g + 1 + 2*g + g + 6*g. Determine d(4).
-7
Suppose -8*q - 16 = -12*q. Suppose 16*s - 44 = q. Let u(j) = -j**3 + j - 2. Determine u(s).
-26
Let g(w) = -13*w - 1. Let f be 1 + (-34)/22 - -102*12/792. Give g(f).
-14
Let j(n) = -5*n**3 + 30*n**2 + 26*n - 60. Let r(k) = -3*k**3 + 20*k**2 + 17*k - 36. Let c(u) = -5*j(u) + 8*r(u). Determine c(-10).
-48
Let h(o) be the second derivative of o**5/20 + 7*o**4/12 - o**3/2 - 4*o**2 + 1070*o. Let x = -24 + 45. Suppose -5*y - 14 = x. Give h(y).
13
Suppose 31*m = -3263 + 3201. Let l(w) = 3*w**2 + 23*w + 45. Calculate l(m).
11
Suppose -9*f - 7*f + 64 = 0. Let k(b) = -9*b + 6 - 4 - f + 2*b**2. Calculate k(5).
3
Let z(y) = -y**2 - 4*y + 3. Suppose -4*c - l - 1526 = 0, 12*l = 2*c + 16*l + 770. Let x = 377 + c. Calculate z(x).
3
Let j be (-1)/(-13) - (-3712)/754. Let l(s) = -s - 1. Let z(v) = -7*v + 4. Let w(r) = 2*l(r) - z(r). What is w(j)?
19
Let w(y) = -3*y + 18. Let m be w(6). Suppose m = -75*n + 68*n - 49. Let r(s) = s**3 + 6*s**2 - 8*s + 2. Determine r(n).
9
Let v(c) = -158*c + 921 + 160*c - 901 - c**2. Give v(-4).
-4
Let u(v) = 81 + 65 - 220 + 82 - v**2 + 9*v. Give u(-5).
-62
Let i = 5 - -24. Suppose -i*o + 31*o = 16. Suppose 3*p + 6 = -a + 6*a, a + 4*p = -o. Let s(j) = -j**2 + 7. Determine s(a).
7
Suppose -1 = 5*d - 6, 0 = x - 5*d + 5. Let g(j) = -j - 3. Let c(f) = -4*f + 12. Let u(q) = c(q) - 5*g(q). Calculate u(x).
27
Let k(b) be the second derivative of -b**6/120 - b**5/12 + b**4/8 - 5*b**3/6 + 17*b**2/2 - 4*b - 5. Let i(q) be the first derivative of k(q). Determine i(-5).
-20
Let b(r) = -r. Suppose 0 = p - 4, 3*p - 4 = 2*i - 2. Let o = 4 - i. Let x be (-88)/48 + o/6. Calculate b(x).
2
Let a(v) = 19*v**2 - 9*v - 1. Let w be a(1). Let i(t) = -t**3 + 9*t**2 - t + 8. Give i(w).
-1
Let s(a) = -58*a - 163887*a**2 - 23*a - 25*a + 163896*a**2 - 21. Give s(12).
3
Let o(y) = -30*y + 15. Let m(q) = 44*q - 30. Let z(i) = 3*m(i) + 5*o(i). Determine z(-2).
21
Let k(c) = -5 + 12*c**2 - 5*c + 5*c - 8*c + 2*c. Let s(o) = -7*o + 12*o**2 - 3 - 3 - 8*o**2 + 8*o**2. Let f(n) = -6*k(n) + 5*s(n). What is f(-1)?
-13
Let t be (-8)/(-4)*(39 + -40). Let c(h) = -19*h - 24. Calculate c(t).
14
Let c = 13 + -7. Let u(h) = 37 + 43 + 51 + h - 134 - 2*h + 16. Determine u(c).
7
Let p be (-17)/(136/(-16)) + 15. Let j(v) = -v**2 + 22*v - 88. Calculate j(p).
-3
Let r(a) = 2*a**2 + 14*a + 1. Let y be r(-7). Let w(p) = 14 - 4 + 2*p + y + 2 - 8. Determine w(-8).
-11
Let r be 14/(-21)*(202 + 2). Let h = 144 + r. Let z(g) = g**3 - 8*g**2 - g - 7. Determine z(h).
-15
Let q(p) = -p**2 + p + 2. Let g(d) = 2*d**3 - 2*d**2 + 8*d + 10. Let v(b) = -g(b) + 5*q(b). Suppose -2*z - 3*r = -z + 5, 3*z = -2*r - 8. What is v(z)?
10
Let q(l) be the first derivative of -l**4/12 - l**3/6 - 37*l**2/2 + 193*l - 163. Let v(k) be the first derivative of q(k). Calculate v(0).
-37
Suppose 0 = 27*w - 29*w + 16. Let o(f) = 18*f + 23*f - 39*f - w. Let r(v) = -v**3 + 6*v**2 - 4*v + 1. Let z be r(5). Give o(z).
4
Suppose 65*d - 57*d = -5472. Let n = d + 693. Let a(l) = -l**3 + 8*l**2 + 10*l - 12. Calculate a(n).
-3
Suppose 136 = -b + 142. Suppose -15 = -3*u - 5*f, b*u + f = u + 3. Let x(s) be the second derivative of -s**4/12 - s**3/6 + 9*s**2/2 + 11*s. What is x(u)?
9
Suppose -j - 36 = 4*l, -32*j + 27*j + 2*l - 48 = 0. Let d(p) = 2*p - 9. Determine d(j).
-33
Let p(o) = o**3 - 5*o**2 + 2*o + 1. Let j = 242 + -239. Suppose 5*d - 5 = q + 3*d, -4*q - j*d = -24. Calculate p(q).
-11
Let s(v) = -v + v**3 + 4 - 4*v**2 - 4*v**2 + 0*v**3 - 2*v**3. Let n(r) = r**3 + 7*r**2 - 19*r + 9. Let j be n(-9). Suppose -4*a = 14 + j. Determine s(a).
12
Let g(h) = 82*h + 70. Let u be g(-1). Let d(w) = -w**3 - 14*w**2 - 29*w + 4. Determine d(u).
64
Let x = 1016 - 916. Suppose x = 14*w + 6*w. Let o(l) = -6*l**2 + 1 + 0 + 2*l + l**3 + l**2. Give o(w).
11
Let f(c) = -4767 + 2388 - 2*c + 2383. What is f(13)?
-22
Let q(w) = -w**3 + 2*w**2 